ive b(9).
-15
Let s(b) = b**2 + 9*b + 9. Let n(l) = -l**2 + 18*l + 8. Let r(j) = j + 5. Let z be r(13). Let a be n(z). Suppose -10*p = -a*p + 12. Give s(p).
-9
Let l = 293 + -292. Let b(f) = -46*f**3 + f - 1. Give b(l).
-46
Let r(j) be the second derivative of -j**5/60 + 3*j**4/8 - 7*j**3/6 + 59*j**2/2 + 4*j + 5. Let q(n) be the first derivative of r(n). Give q(9).
-7
Let k(h) = h**2 - 19*h - 38. Let o be k(21). Let j(v) = -49*v - 2*v**2 - 3*v**2 + 102*v - v**3 - o - 50*v. Calculate j(-6).
14
Let k(a) be the second derivative of 0*a**2 + 1/12*a**4 + 5*a - 8 - a**3. Give k(7).
7
Let x(m) = -13*m**3 + m**2 + 2*m + 2. Suppose 5*s = -3*a - 8 + 35, 2*s = -5*a + 7. What is x(a)?
14
Suppose -3*b + 33 = -12. Let l(c) = -4*c**2 - 96*c - c**3 + 20*c**2 + 0 + 82*c + 7 - 29. What is l(b)?
-7
Let g be 4 - ((-306)/(-45) - 8/10). Let x(h) = 22*h**3 - 36*h**2 + 19*h + 45. Let t(v) = 5*v**3 - 9*v**2 + 5*v + 11. Let d(o) = g*x(o) + 9*t(o). What is d(8)?
1
Let i = -6 + 4. Let j(h) be the third derivative of h**8/6720 + 11*h**4/8 - 65*h**2. Let o(q) be the second derivative of j(q). Give o(i).
-8
Let g be (-270)/225*(1 - (-24)/(-9)) - 8. Let o(s) = s**3 + 8*s**2 + 8*s - 6. Determine o(g).
18
Let a(g) = -26*g**2 + 14*g - 8. Let u(w) = -29*w**2 + 15*w - 9. Let t(r) = 8*a(r) - 7*u(r). What is t(3)?
-25
Let a(x) be the second derivative of -x**6/120 - x**5/4 - x**4/24 - 7*x**3/2 + 21*x**2/2 + 2*x - 69. Let d(v) be the first derivative of a(v). Give d(-15).
-6
Let c(u) = -14 + 117*u - 205*u + 8*u**2 - u**3 + 77*u. What is c(6)?
-8
Let i be (15 - 1)*50/700. Let t(p) = p**2 - 2. Let q(c) = -6*c - 2. Let v(y) = i*q(y) - 2*t(y). Give v(-5).
-18
Let v be 5/((-30)/(-28))*228/133. Suppose 11*s + v = 14*s + a, 0 = 4*a - 8. Let w(h) = 5*h - 3. Let j(o) = 6*o - 4. Let i(r) = -3*j(r) + 4*w(r). Determine i(s).
4
Let v(u) = u**3 + 4*u**2 + 4*u + 2. Let l be v(-3). Let s(k) be the second derivative of 10*k**3/3 + k**2/2 + 107*k. Calculate s(l).
-19
Let y(s) = -s**2 - 14*s - 16. Let n be y(-13). Let j(d) be the second derivative of -d**3/6 + d**2/2 - 253*d. Determine j(n).
4
Let v(x) = x**3 - 3*x**2 + 6*x - 13. Let t(i) = 7*i**3 - 12*i**2 + 2*i + 7. Let b be t(1). Give v(b).
27
Let a(p) be the first derivative of -1/2*p**3 - 15*p - 10 + 1/2*p**2. Let r(t) be the first derivative of a(t). Determine r(5).
-14
Suppose -1228 + 340 = -12*l. Let g(o) = -l*o + 71*o + 4 + 8. Determine g(9).
-15
Let a(k) be the first derivative of k**4/4 - 11*k**3/3 - 3*k**2 - 8*k - 502. Calculate a(11).
-74
Let p(g) = -760*g - 243. Let n(b) = 350*b + 122. Let q(u) = 13*n(u) + 6*p(u). Determine q(9).
38
Let r(q) = -116*q**2 + 56*q**2 + 58*q**2 + 1682 - 1687. Let h(s) = s**2 + 6*s - 7. Let b be h(-7). Determine r(b).
-5
Suppose -m + 17 = 2*w, -4*w + 37*m + 28 = 41*m. Let t(g) be the third derivative of g**6/120 - g**5/6 + g**4/24 - 7*g**3/3 - g**2. Calculate t(w).
-4
Let x be 9/2 + ((-28638)/(-36))/43. Let r(o) = -o**2 + 23*o - 55. Calculate r(x).
-55
Let v(g) = 10 - 4*g + 8*g + 6*g - g**2. Let c be (3/(-2))/1*((-460)/60 - -1). What is v(c)?
10
Let z(s) = 6*s - 8. Let i(c) = 2*c - 3. Let g(k) = 7*i(k) - 2*z(k). Suppose -191*m + 68 = 4*v - 187*m, 45 = 2*v + 3*m. Determine g(v).
7
Let y(x) be the third derivative of x**6/120 + x**4/12 - 20*x**3/3 - x**2 - 42. Calculate y(0).
-40
Suppose 52 = -r + 58. Let m be ((0 - r) + 6)/(-1). Let x(j) = -j + 20. What is x(m)?
20
Let c(w) = -14*w + 3. Let o be c(0). Suppose -o*b = 11*b - 84. Let n(u) = -u + 4. Give n(b).
-2
Let s(d) = d**2 - 5*d + 6. Let u = -5 + 9. Let z be s(u). Let k(g) = -g**3 + g + 3*g + 4 - 2 - 2*g - 2*g**z. Give k(-3).
5
Let q(i) be the second derivative of -i**5/10 + i**4/12 + i**3/6 + i**2/2 + 3*i. Suppose -25*n + 210 = -4*n. Let g be 1*-3*((-319)/33 + n). Calculate q(g).
3
Let x(m) be the third derivative of 2/15*m**5 + 0*m + 0 - 1/24*m**4 + 13*m**2 - 1/120*m**6 + 5/6*m**3. Give x(8).
-3
Let y(g) = -g**3 + 7*g**2 - 22*g + 56. Suppose f - 503 + 510 = 0, -2*t - f = -3. Determine y(t).
-4
Let v(a) = 2*a + 1. Let d(n) = -15*n - 5. Let m(t) = -d(t) - 10*v(t). Let w = 174 - 181. Determine m(w).
30
Let w(t) be the first derivative of -3*t**2/2 + 8*t + 73. Let k be (((-8)/2)/(-12))/(1/15). Calculate w(k).
-7
Let g(x) = x**3 + 3*x**2 - 3*x - 1. Let j(a) = -5*a**3 - 23*a**2 + 23*a + 10. Let t(w) = -6*g(w) - j(w). Calculate t(4).
-8
Let k(m) = -3*m**2 - 10*m + 6. Let z(c) = -2*c**2 - 8*c + 4. Let r(t) = -3*k(t) + 4*z(t). Let g(a) = 3*a - 8. Let x be g(2). Give r(x).
6
Let w(k) be the third derivative of -k**4/6 - 89*k**3/6 - 9*k**2 - 60. Give w(-23).
3
Let z(p) be the second derivative of -p**4/4 - 7*p**3/6 - p**2/2 + 228*p. What is z(-3)?
-7
Let r be 5 + (-7 - (-3 - 2)). Suppose 3*h - 2*s + 16 = 0, r*s - 69 = 3*h - 57. Let f(v) = v**2 + 10*v + 10. Give f(h).
-6
Let s(b) = 347*b - 1725. Let u be s(5). Let c(v) = v**3 - 10*v**2 + 7*v - 40. What is c(u)?
30
Let d(k) = 800*k + 14396. Let w be d(-18). Let b(j) = 4 + 2*j - 2*j + j - 3. Give b(w).
-3
Let f(h) = -h - 17. Suppose x - 1 = 2*c, -2*c = x - 0 + 3. Let t be -1 + 1 - c/(2/24). Suppose 0 = -t*g - 80 - 4. Give f(g).
-10
Let o(t) = 45*t + 155. Let i(z) = 17*z + 76. Let a(u) = 5*i(u) - 2*o(u). Calculate a(13).
5
Let k(z) = -7*z**2 - 2 + 1 + 2 - 2*z. Suppose 185*m = -44 + 113 + 116. Give k(m).
-8
Let u(b) = -b**3 - 13*b**2 + 14*b + 3. Suppose 4*m - 5*g = -66, 4*g + 11 = -5*m - 51. Calculate u(m).
3
Suppose 2*p + 4 = 8. Let h(i) = -i**p - 4*i - 6 - 3*i**2 + i**2 + i**2. Let x(n) = 3*n**2 + 8*n + 11. Let z(r) = 5*h(r) + 3*x(r). Give z(5).
-2
Let w(p) = p**2 - 27*p - 24. Suppose 14*o = 77*o - 40*o - 621. What is w(o)?
-24
Let f = -77 - -135. Let n = 67 - f. Let a(r) = 19 - r - 27 - r + n. Calculate a(3).
-5
Let r(c) = -2*c + 4. Suppose 6 = 26*o - 28*o. Let m(b) = b**2 + 3*b + 5. Let u be m(o). Calculate r(u).
-6
Let o(l) = 351 + 28*l - 20*l + 3*l - 5*l. Give o(-57).
9
Suppose v = -5*b - 54, -4*b + 2 = -5*b + 2*v. Let h(n) = -n**3 - 11*n**2 - 7*n + 13. Let g be h(b). Let i(t) = -t**3 - 17*t**2 + t + 7. Determine i(g).
-10
Suppose 3*m - 91 = -2*g, 4*g - 6*m - 117 = m. Let r(s) = -g*s - 2 + 2*s + 37*s. What is r(-2)?
-4
Let l(j) be the second derivative of 5*j**3/6 + 17*j**2/2 - 2*j + 356. Give l(-7).
-18
Let g be 4*(-1 - (-2)/8). Let d be (-3)/(-3)*(0/2 + 11). Let v(b) = -4*b + d - 12 + 2. Calculate v(g).
13
Let j = -3 - -3. Let n(m) = -28*m**3 + 27*m**2 + 20. Let p(w) = 5*w**3 - 5*w**2 - 3. Let h(y) = -2*n(y) - 11*p(y). Give h(j).
-7
Let d(g) = -g**2 - 18*g + 17. Let k be d(-18). Let o = 20 - k. Suppose 5*z = -o*u + 8, 0*z + 4*u = z - 20. Let y(j) = -j**2 + 5*j. What is y(z)?
4
Let f(v) = v - 61 - 4*v**2 + 5*v**2 + 50 + 15*v - 6*v. Let b(i) = 3*i**2 + 29*i - 32. Let q(x) = 6*b(x) - 17*f(x). Let c be (8/(-12))/(2/15). Determine q(c).
0
Let b = 307 - 305. Let t(k) = -4 + 112*k**2 + 7*k - 56*k**2 - 59*k**b + 1. Calculate t(3).
-9
Let s = 6 - 4. Let d(k) be the third derivative of 1/120*k**6 - 1/2*k**3 + 1/8*k**4 + 0*k + k**2 + 46 + 0*k**5. Determine d(s).
11
Let c(b) = -9*b**3 + 27*b**2 + 28*b - 8. Let g(j) = -5*j**3 + 14*j**2 + 15*j - 4. Let q(x) = 6*c(x) - 11*g(x). Calculate q(-4).
48
Let w(m) be the first derivative of -3*m**2 - 45*m + 176. Let c(t) = t + 5. Let b(u) = 18*c(u) + 2*w(u). Calculate b(1).
6
Let a(d) = -d**2 - 24*d - 76. Let s be (12 - 108/8)*(-28)/(-2). Give a(s).
-13
Let c(w) = w**3 + 6*w**2 + 5*w - 6. Suppose 4*g = -5*z + 25, z = -4*g + 14 + 7. Suppose -4*f + g*v - 22 = 18, 3*v - 32 = 4*f. Give c(f).
-6
Suppose -68*r + 0 = 204. Let c(a) be the second derivative of a**3 + a**2 - 2*a. Determine c(r).
-16
Suppose 15*h - 18 = -3. Let u(x) = -409*x - 3*x**3 - 7*x**2 + 4*x**3 + 5 + 414*x + h. What is u(6)?
0
Let i(o) be the first derivative of -o**3/3 + 21*o**2/2 - 37*o + 1022. Determine i(19).
1
Suppose -y = -3*q + 26, -q + 27 = -0*q - 4*y. Suppose 29 = q*h - 2*h - 3*v, 33 = 5*h - v. Let k(f) = -6*f + 3 + 8*f**2 - h*f**2 - 2*f**2. Determine k(-7).
-4
Let z(l) = l**3 - 6*l**2 + 8*l + 1. Let w be (4*(-2)/(-32))/((-1)/(-12)). Determine z(w).
-2
Suppose -31 = k - 269*s + 273*s, -22 = -2*k + 4*s. Let o(c) = c. Let d(y) = -y - 3. Let a(r) = d(r) + 3*o(r). Calculate a(k).
-9
Let o(i) = -i - 2. Let d(m) = 2*m + 3. Let h(j) = -j**2 - 9*j + 31. Suppose 0*w - 96 = 8*w. Let p be h(w). Let g(q) = p*d(q) - 8*o(q).